037*t - 8470. What is z(-6)?
8
Let h(t) = 7*t**2 + 2177*t - 4376. Calculate h(2).
6
Let z(n) = -3112*n + 28011. What is z(9)?
3
Let u(i) = -i**2 + 62*i + 414. What is u(73)?
-389
Let t(v) = -11*v**2 - 7223*v - 47659. Give t(-650).
-209
Let z(y) = -48161*y - 7320470. Determine z(-152).
2
Let c(d) = -37*d + 1314. Give c(42).
-240
Let z(m) = -m**3 - 100*m**2 + m - 428. What is z(0)?
-428
Let i(y) = -136739*y - 410209. What is i(-3)?
8
Let f(v) = 156*v**2 + 7026*v + 285. Determine f(-45).
15
Let x(r) = 13261*r - 662945. What is x(50)?
105
Let d(v) = -4*v**2 - 280*v - 507. What is d(-70)?
-507
Let l(o) = -20*o**2 - 137*o + 36. Calculate l(-11).
-877
Let d(i) = -2*i**2 - 789*i + 54526. Calculate d(60).
-14
Let a(w) = -w**3 - 74*w**2 + 68*w - 759. Give a(-75).
-234
Let f(s) = -s**2 - 277*s - 4013. Calculate f(-16).
163
Let x(d) = -d**3 + 15*d**2 + 150*d - 134. Determine x(25).
-2634
Let k(u) = 1783*u + 13065. Give k(-8).
-1199
Let f(g) = 38*g**2 + 29*g - 277. What is f(5)?
818
Let r(c) = -c**2 + 30972*c + 433852. Give r(-14).
48
Let d(n) = 5*n**3 - 53*n**2 + 6*n - 348. Determine d(11).
-40
Let r(l) = 2*l**2 + 173*l - 28589. Calculate r(85).
566
Let y(t) = -31*t**2 - 338*t - 202. Determine y(-13).
-1047
Let d(f) = 197*f + 1664. Determine d(-5).
679
Let w(i) = -14*i**3 + 16*i + 225. Determine w(-5).
1895
Let x(n) = 63*n**3 + 2*n**2 + 56*n + 55. Give x(-1).
-62
Let n(q) = 6*q + 1811. Give n(-15).
1721
Let c(l) = 7*l**2 - 190*l + 1016. Calculate c(19).
-67
Let a(u) = -u**3 + 25*u**2 + 46*u - 3057. Determine a(18).
39
Let p(k) = -2*k**2 - 17*k + 50. Give p(11).
-379
Let h(o) = 2*o**3 - 24*o**2 + 164*o - 1986. What is h(13)?
484
Let t(m) = -3872*m + 42372. Calculate t(11).
-220
Let m(j) = 627*j**2 + 4187*j + 8367. Calculate m(-2).
2501
Let o(l) = -l**2 + 15*l + 257. Give o(40).
-743
Let z(o) = -3*o**3 - 19*o**2 - 148*o + 363. Calculate z(2).
-33
Let o(m) = -m**3 - 15*m**2 - 62*m + 2009. Give o(8).
41
Let x(o) = -o**2 - 237*o + 248629. Give x(394).
15
Let z(t) = 159*t - 2148. Give z(35).
3417
Let u(p) = -p**3 + 49*p - 18. Give u(-12).
1122
Let q(a) = -2*a**3 + 19*a**2 - 38*a + 12. What is q(2)?
-4
Let q(g) = -g**3 - 150*g**2 - 2269*g - 87. Determine q(-17).
49
Let u(p) = -p**3 + 19*p**2 + 52*p + 17. What is u(21)?
227
Let t(m) = -31*m**2 + 1607*m - 3220. Give t(2).
-130
Let h(s) = 931*s - 7363. Determine h(8).
85
Let f(p) = p**2 - 19364*p - 135586. Determine f(-7).
11
Let k(x) = -1064*x**3 - 21*x**2 - 7*x + 5. Give k(1).
-1087
Let x(y) = y**3 + 215*y**2 + 2756*y + 692237. Give x(-217).
7
Let l(f) = -12*f**3 - 3850*f**2 + 636*f - 2026. What is l(-321)?
-100
Let y(z) = 2*z**3 - 37*z**2 - 93*z + 1966. Give y(18).
-32
Let y(r) = 30433*r - 15. What is y(0)?
-15
Let a(h) = 2021*h - 46313. What is a(23)?
170
Let u(r) = r**2 - 367*r + 21562. Determine u(64).
2170
Let p(a) = -a**3 + 44*a**2 - 1972*a + 90741. Determine p(45).
-24
Let z(b) = -16*b**2 - 2004*b - 521. Determine z(-125).
-21
Let t(s) = s**3 - 20*s**2 + 1311*s - 21268. Determine t(17).
152
Let l(i) = 14882*i + 4285937. Give l(-288).
-79
Let c(s) = 36377*s + 109129. Give c(-3).
-2
Let i(k) = -11270*k + 124074. Determine i(11).
104
Let k(h) = -60292*h**2 + 241171*h - 6. What is k(4)?
6
Let a(b) = -b**3 + 775*b**2 - 17361*b + 48895. Give a(752).
15
Let m(q) = -6*q**2 - 176*q + 915. Determine m(5).
-115
Let u(n) = -21*n**2 - 17*n + 11495. Give u(23).
-5
Let m(v) = -2*v**3 + 3*v**2 - 66*v + 581. Determine m(7).
-420
Let w(q) = 938*q - 12882. Give w(14).
250
Let o(l) = -l**3 + 20*l**2 + 66*l - 47. Give o(23).
-116
Let x(o) = 2332*o - 13176. What is x(6)?
816
Let r(f) = 7*f - 1898. Calculate r(202).
-484
Let k(c) = -8*c**2 - 726*c - 435. What is k(-89)?
811
Let p(n) = 31765*n + 412944. Determine p(-13).
-1
Let x(k) = 8*k**3 + 130*k**2 - 704*k - 11770. What is x(-16)?
6
Let z(v) = v**3 - 52*v**2 - 43*v - 511. Give z(53).
19
Let q(b) = -b**2 + 21243*b - 5848936. What is q(279)?
20
Let d(b) = -326*b**2 + 1711*b + 1445. What is d(6)?
-25
Let v(y) = -y**3 - 163*y**2 + 8117*y + 114. What is v(40)?
-6
Let v(p) = 7*p**2 - 61870*p + 61870. What is v(1)?
7
Let y(l) = 3*l**2 - 92*l - 633. Calculate y(36).
-57
Let p(y) = y**3 - 23*y**2 + 122*y - 2318. Give p(22).
-118
Let x(t) = 5530*t - 182551. Give x(33).
-61
Let p(o) = o**2 + 214*o + 11198. What is p(-112)?
-226
Let t(u) = 1379*u + 13669. Calculate t(-9).
1258
Let m(c) = -1210*c - 437886. Give m(-362).
134
Let o(v) = 3*v**2 - 35366*v + 141433. Calculate o(4).
17
Let w(v) = -212982*v - 8. Give w(0).
-8
Let z(a) = 2*a**2 - 4068*a + 84533. Determine z(21).
-13
Let a(i) = i**3 - 7*i**2 + 67197*i - 134373. What is a(2)?
1
Let n(u) = 7*u**2 + 12278*u + 24554. What is n(-2)?
26
Let q(y) = 353093*y + 706154. What is q(-2)?
-32
Let o(m) = m**3 - 298*m**2 + 761*m - 137957. Calculate o(297).
-149
Let n(b) = -165*b + 2790. Give n(13).
645
Let k(r) = -20*r**2 + 499*r - 971. Calculate k(2).
-53
Let i(b) = 7751*b + 991. Calculate i(0).
991
Let x(k) = -659*k + 87641. Give x(133).
-6
Let a(j) = 5264*j**3 + 535*j + 535. Give a(-1).
-5264
Let b(y) = -375*y - 17512. What is b(-46)?
-262
Let q(z) = 163*z - 3609. Calculate q(22).
-23
Let n(w) = -3*w**2 + 368*w - 10961. Give n(89).
-1972
Let m(t) = -t**3 - 54*t**2 - 254*t - 542. Determine m(-49).
-101
Let d(h) = h**2 + 92*h + 2247. Give d(-58).
275
Let f(s) = 556296*s - 3894067. Calculate f(7).
5
Let w(r) = 3*r**2 - 1917*r + 147026. Give w(550).
176
Let p(u) = u**3 - 25*u**2 + 8*u - 1287. Calculate p(22).
-2563
Let a(d) = -5269*d + 15399. Give a(3).
-408
Let d(s) = -2*s**2 - 48*s + 156. What is d(-25)?
106
Let b(a) = -7*a**2 + 9171*a - 27504. What is b(3)?
-54
Let q(o) = 310*o + 10556. Give q(-33).
326
Let a(q) = 606*q**3 + 492*q**2 - 6*q - 8. What is a(-1)?
-116
Let n(c) = -5582*c**2 + 39088*c + 21. Determine n(7).
119
Let q(w) = -103*w - 3030. Determine q(-32).
266
Let z(n) = -56491*n + 734393. What is z(13)?
10
Let s(a) = -191212*a - 3441820. Give s(-18).
-4
Let q(r) = 28*r**2 - 678*r - 206. Give q(24).
-350
Let r(z) = -2809*z - 33783. Calculate r(-12).
-75
Let l(c) = -79690*c + 5737684. Give l(72).
4
Let s(r) = -969*r - 4792. Calculate s(-5).
53
Let j(l) = -37477*l - 712317. Determine j(-19).
-254
Let l(r) = 42016*r - 42084. What is l(1)?
-68
Let g(k) = -9*k**3 + 313*k**2 + 57*k + 560. Determine g(35).
105
Let k(u) = 6*u**3 + 280*u**2 - 78*u + 339. Give k(-47).
-413
Let x(s) = 15*s**3 - 6*s**2 + 93*s - 15. Determine x(-5).
-2505
Let h(m) = -61687*m - 38431007. Give h(-623).
-6
Let p(z) = 6*z**2 - 175*z - 16282. Determine p(67).
-1073
Let o(w) = -21*w**3 + 24*w**2 - 695*w - 1478. What is o(-2)?
176
Let j(y) = -658*y - 670. What is j(-1)?
-12
Let a(w) = -3*w**3 + 604*w**2 - 316*w + 145429. Determine a(202).
-11
Let f(n) = n**3 - 9*n**2 - 548796*n + 3292886. What is f(6)?
2
Let w(m) = 189486*m + 568677. What is w(-3)?
219
Let t(z) = z**3 + 135*z**2 + 440*z - 11009. Give t(-131).
-5
Let p(w) = w**3 - 1290*w**2 + 3818*w + 55333. Determine p(1287).
-8
Let k(l) = -l**3 - 26*l**2 + 320*l + 8779. Give k(-24).
-53
Let f(k) = 2405*k - 3593. What is f(3)?
3622
Let t(p) = 1221*p**2 - 2477*p + 66. Determine t(2).
-4
Let i(s) = -6*s**2 + 337*s - 5056. Calculate i(29).
-329
Let v(z) = 1101*z**2 - 111*z + 110. What is v(1)?
1100
Let d(f) = 1204*f - 45736. What is d(38)?
16
Let g(h) = -2*h**2 + 1084*h - 53680. Determine g(55).
-110
Let a(u) = -9*u - 415. Calculate a(-49).
26
Let f(p) = -6278*p + 125602. Give f(20).
42
Let w(s) = -s**2 - 209*s - 7439. Calculate w(-59).
1411
Let h(j) = -16978*j + 118851. What is h(7)?
5
Let y(b) = 356*b**2 - 363*b + 1084. Calculate y(3).
3199
Let d(y) = -5598*y - 28030. Determine d(-5).
-40
Let x(t) = 100*t - 1058. Give x(20).
942
Let s(v) = 3*v**2 + 459*v + 1385. Calculate s(-139).
-4453
Let i(l) = 779*l + 6524. Calculate i(0).
6524
Let c(q) = q**2 - 1053*q + 102906. What is c(944)?
10
Let i(c) = 23*c**2 + 229*c - 161. Give i(-12).
403
Let h(t) = -4*t**3 - 340*t**2 + 30*t + 2221. Determine h(-85).
-329
Let u(z) = 15*z**3 - 62*z**2 - 980*z + 1043. Calculate u(1).
16
Let m(t) = 91928*t - 1286987. What is m(14)?
5
Let z(l) = -2*l**3 + 173*l**2 + 29*l + 5618. Calculate z(87).
572
Let c(h) = h**2 - 31*h + 140. Give c(12).
-88
Let b(n) = -n**2 - 1948*n + 209999. Give b(102).
899
Let f(s) = -948*s**3 - 8*s**2 - 14*s - 7. What 